-2 - 6/(-4)). Suppose -37*r + 32*r = -60. Suppose r = -11*i + 12*i. What is the highest common factor of i and d?
12
Let s = 782 + -650. What is the highest common divisor of s and 165?
33
Let u be (-1 + 3)/(2*1/5). Suppose -2*z = -u*z + 150. Let f = 10 - 0. What is the greatest common divisor of z and f?
10
Let v(d) = 8*d + 7. Suppose 0 = 3*t + t - 40. Let f be v(t). Suppose -89 = -5*y - 2*o, o + f = 5*y + 2*o. Calculate the highest common factor of y and 85.
17
Let c = 85 - 58. Let o = 21 + c. Let p = -11 - -23. What is the greatest common factor of p and o?
12
Let l = 16 - 0. Let t = -12 + 17. Suppose t*x - 3*x - l = 0. What is the highest common divisor of 72 and x?
8
Let u = -15 - -3. Let i be 2/(-8) + (-51)/u. Suppose -3*t - i*v = -44, t - 2*t - v + 15 = 0. What is the highest common divisor of t and 8?
8
Let i = -34 + 36. Suppose 0 = -2*h + 26 - i. Calculate the greatest common divisor of 108 and h.
12
Let o(p) = -4 + 8*p + 4*p + 4*p. Let d be o(2). Suppose -d = 12*v - 13*v. What is the greatest common divisor of 70 and v?
14
Let j be (-4)/((-155)/(-80) - 2). Calculate the greatest common factor of 496 and j.
16
Suppose u = 5*u + 16. Let d = u + 11. Suppose 3*g = s - 4 - 19, 27 = 3*s + 5*g. Calculate the highest common factor of s and d.
7
Let u be (8/(-8))/(3/(-33)). Suppose u*h - 1069 = 647. What is the highest common factor of 12 and h?
12
Let s = 162 - 34. Let b be (672/s)/((-2)/(64/(-6))). What is the highest common divisor of 308 and b?
28
Let r = -38 + 42. Suppose 0 = -2*q + 5*q - 3, -27 = -r*i + 5*q. Calculate the highest common factor of 40 and i.
8
Let c = 584 + -428. Calculate the greatest common factor of 24 and c.
12
Let p = 122 + -121. Let c be (4/(-2))/p - (-144 + -10). What is the greatest common divisor of c and 8?
8
Let c(y) = -12*y + 16. Let g be c(-7). Let z = g + -55. What is the greatest common factor of 5 and z?
5
Suppose -15*v = 14*v - 12441. Calculate the highest common divisor of 11 and v.
11
Let a = -1599 - -1619. Let c(f) = -f**2 + 9*f - 10. Let m be c(7). Calculate the greatest common divisor of a and m.
4
Let s = 82 + -97. Let h = s + 141. What is the highest common divisor of 84 and h?
42
Let t(g) = -9*g + 9. Suppose 5*j - 119 + 19 = 0. Let z be 1/(-3) + j/(-3). Let i be t(z). What is the highest common factor of 8 and i?
8
Suppose 44 = 4*r + c, 2*r + 5*c = -0*r + 4. Calculate the highest common factor of 336 and r.
12
Let m = -96 + 98. Suppose t = -5*g + 138, 5*t - m*t = -6. Calculate the highest common divisor of 168 and g.
28
Suppose -10*y + 65 + 155 = 0. What is the highest common divisor of y and 8?
2
Suppose 5*v - l = 80, 3*v - 13*l - 48 = -12*l. Calculate the greatest common factor of 40 and v.
8
Suppose 0 = -l + 12 - 5. Suppose 2*d - l*d = -65. Let h(w) = w + 3. Let y be h(10). What is the greatest common divisor of d and y?
13
Suppose -3*p - p + 2*j - 506 = 0, -665 = 5*p + 4*j. Let i = -77 - p. What is the highest common divisor of 13 and i?
13
Let v = -334 - -457. Calculate the highest common factor of 656 and v.
41
Suppose 0 = 11*j - 12 - 4289. Calculate the greatest common factor of j and 23.
23
Let u = -84 - -120. Suppose n = u - 4. What is the highest common factor of 8 and n?
8
Suppose -4*b - 8 + 0 = 4*w, -3*w = -3*b - 18. Let p be w*(-6 + 3)*-2. Let x = p + 0. What is the greatest common factor of x and 132?
12
Let g = -487 + 500. Let f(r) = 2*r**2 + 3*r + 6. Let v = -4 - 0. Let k be f(v). What is the highest common divisor of g and k?
13
Suppose -18*i + 117 = -45. What is the highest common divisor of i and 25?
1
Let o = -390 + 671. Suppose o = 4*q + 21. What is the highest common divisor of 26 and q?
13
Suppose 43 = 5*j + g, 8*g - 6*g = 5*j - 34. Calculate the greatest common divisor of 8 and j.
8
Let p(n) = -58*n - 83. Let f be p(-3). Calculate the greatest common factor of f and 14.
7
Let w = 37 + -15. Suppose -11*l + 14*l = 2*n - 176, 4*n = -2*l + 352. Calculate the highest common divisor of n and w.
22
Let q be 7 - ((-246)/6 + -8). Calculate the highest common divisor of 2072 and q.
56
Let z = 3 - -1. Let l = -27 + 47. Let p = l + 8. Calculate the highest common factor of z and p.
4
Let s = -11 - -12. Let k be -12 + 47 - (3 + s). Suppose -3*m - 6 = -2*n + k, -4*n + 4*m + 76 = 0. Calculate the greatest common factor of 30 and n.
10
Suppose 0 = 3*q, -1 - 1 = -2*c + 2*q. Let u = -38 - -42. Suppose t = 2*d + 19, -t + 0*d + u = d. Calculate the highest common factor of c and t.
1
Let z(y) = -76*y - 292. Let t be z(-4). Suppose 4*l + 3*k - 18 = 0, k - 14 = -4*l - 0. What is the greatest common factor of l and t?
3
Let a(h) = -48*h + 17. Let j be a(-4). What is the highest common divisor of 55 and j?
11
Suppose 3*g = 5*g + 5*o + 124, -4*g = -o + 226. Let b = 125 + g. Suppose -m + b = -3*s - 36, s = 4*m - 471. Calculate the greatest common factor of m and 17.
17
Let w be ((-48)/(-1) - (-4 + 4)) + 4. What is the greatest common divisor of w and 13?
13
Let q = 22 - 17. Suppose 4 = q*o - 11. What is the highest common divisor of o and 1?
1
Let z = 836 + -814. Calculate the greatest common factor of z and 506.
22
Let s = -13259 + 13302. Let a = -155 + 456. Calculate the greatest common divisor of s and a.
43
Suppose 5*g - 2393 = 3607. Calculate the greatest common divisor of g and 75.
75
Suppose -4*y + 5*y = -3*n + 725, 4*y = -4*n + 980. Suppose -8*h + 12*h - n = 0. Calculate the greatest common factor of h and 12.
12
Let s = -423 - -441. What is the greatest common divisor of s and 882?
18
Let l(q) = -q**3 - 2*q**2 - 3*q + 4. Let o = 10 + -8. Suppose -o - 33 = 5*c. Let m be l(c). Calculate the greatest common divisor of m and 30.
30
Let w be 3/4*3*12/9. Suppose -4*m - w*m + 1029 = 0. What is the greatest common factor of m and 49?
49
Suppose -f - 322 = -3*f. Calculate the highest common divisor of f and 14.
7
Let g be 0 + 151/2 + 1/2. What is the greatest common factor of 8 and g?
4
Let d be (44/(-24))/(3/(-18)). Let q be (d - 23)*(-7)/4*1. What is the highest common divisor of 147 and q?
21
Suppose 5*p = -2*m - 195, -2*m + 0*m = -3*p - 101. Let g = p - -65. Calculate the greatest common factor of g and 4.
4
Let j = 142 + 96. Calculate the highest common divisor of 34 and j.
34
Let j = 6057 - 3675. What is the greatest common divisor of 6 and j?
6
Suppose 10 = 6*o - 20. Suppose -t - o*a - 144 = -5*t, 5*t + 5*a - 180 = 0. Calculate the greatest common divisor of t and 12.
12
Let k(h) = 48*h**2 - 8. Let d be k(-2). What is the greatest common factor of d and 16?
8
Let j = 7 - 4. Suppose 73 - 27 = 5*g + q, -j*g - q = -28. Let p be 6/g*(-12)/(-1). Calculate the greatest common factor of p and 64.
8
Let k(y) = 2*y**2 - 16 - 41*y + 105*y - 29*y. Let q be k(-18). What is the highest common divisor of q and 2?
2
Suppose 3*q = 2*a - 0*q + 82, 5*q = 2*a + 78. Let m = 69 + a. Calculate the greatest common divisor of 275 and m.
25
Let g = -130 - -475. What is the greatest common divisor of g and 10?
5
Suppose v + 3*v - 6 = 2*z, -5*z + 1 = -2*v. Suppose -v*i + 0*i = -224. Calculate the greatest common factor of i and 16.
16
Let t(g) = g**2 + 10*g - 9. Let i = -24 + 14. Let w be t(i). Let k = 28 + w. What is the highest common divisor of k and 76?
19
Let y = -141 - -155. What is the highest common factor of y and 4?
2
Let j = 69 + -66. Suppose -2*s - 326 = -2*q - s, 3*s - 507 = -j*q. What is the highest common factor of 15 and q?
15
Suppose 0 = 9*s + 617 - 1355. What is the highest common divisor of s and 574?
82
Let t be 7 - (-1)/(4/(-4)). Suppose 0 = q - 9 - 1. Let u be 32/q*(-15)/(-2). Calculate the highest common factor of u and t.
6
Let w(m) = 170*m - 214. Let l be w(7). Calculate the highest common factor of l and 16.
16
Let k(p) = 17*p**2 + 4*p - 1. Suppose 0 = -2*g + 6. Suppose -2*s + g = -3*s. Let y be k(s). Calculate the greatest common factor of 20 and y.
20
Suppose 2*m + 2*m = 72. Let h be 3*-5 - (-3 - (-4)/2). Let z be (-380)/h - 2/14. Calculate the highest common divisor of m and z.
9
Let n be 10563/9 - (-32)/24. Calculate the highest common divisor of n and 50.
25
Let z(y) = y**3 - 7*y**2 - y - 14. Let d be z(6). Let n = d + 73. Calculate the highest common divisor of n and 187.
17
Let h = -200 + 213. Suppose 19 + 11 = 3*r. Suppose 4*b + 3*x = 43, 70 = 5*b - 5*x - r. What is the greatest c